 Calculate the greatest common factor of m and 18.
6
Suppose -4*q + 10 + 30 = 0. What is the highest common factor of q and 90?
10
Suppose 4*g - 271 = -3*k, -2*g = 5*k - 2*k - 143. What is the highest common factor of g and 32?
32
Let f(h) = 3*h**2 + 2*h + 2. Let y be f(2). Calculate the highest common factor of 12 and y.
6
Suppose -4*h - 5*g + 336 = 0, -4*g + 135 = 5*h - 285. What is the highest common factor of h and 12?
12
Suppose 10 = q + 30. Let x be (-4 - q) + -1 + -2. What is the greatest common factor of x and 143?
13
Let v = -87 - -100. Calculate the highest common factor of v and 65.
13
Let r be 2/(-3)*195/(-26). Calculate the highest common factor of r and 25.
5
Let m(w) = w**3 + 8*w**2 - 6. Let q be m(-8). Let o = q - -9. Calculate the greatest common divisor of 24 and o.
3
Let v(f) = -f**3 - 15*f**2 - 13*f + 19. Let m be v(-14). What is the greatest common factor of 65 and m?
5
Suppose 3*s - 3*i + 21 = 6*s, -i + 35 = 5*s. Suppose -u + 1 = -s. Let q be ((-2)/(-3))/(u/168). Calculate the greatest common factor of 14 and q.
14
Let k = -63 + 105. Calculate the greatest common divisor of k and 56.
14
Suppose 0*d - 4*d + 88 = 0. What is the highest common factor of 2 and d?
2
Suppose -4*w + 5 - 1 = 0. Let i = 13 - w. What is the highest common divisor of 108 and i?
12
Let i = 130 + -85. What is the highest common divisor of i and 18?
9
Let j be 9/2*8/3. What is the highest common factor of 132 and j?
12
Let m be -2*(3 - 4)*10. Suppose 0 = h - 2*l - m, 2*h = -2*h + 3*l + 70. Let b = h - -1. What is the highest common divisor of b and 34?
17
Suppose 0*v = i + 2*v - 8, -5*i = -2*v - 4. Let c be ((-7)/i + -2)*-4. What is the greatest common divisor of c and 2?
2
Suppose -3*f = -f - 20. Suppose -t - 8 = -58. Calculate the highest common factor of f and t.
10
Suppose -2*y + 8 = 2*y. Suppose 3*t - y = 5*t. Let m = 1 - t. What is the greatest common divisor of 3 and m?
1
Let j(k) = 2 + 2 + 3*k - 2 - k. Let u be j(7). Let f be 2*(-2 + -1)/(-3). Calculate the highest common divisor of u and f.
2
Let v(j) = j**2 + 7*j - 14. Let r be v(-13). Calculate the highest common factor of 8 and r.
8
Suppose 3*k + z = -k + 1315, 5*k + 3*z - 1635 = 0. Suppose 0*q - k = 2*q. Let p = -53 - q. Calculate the highest common factor of 14 and p.
14
Let z(p) = -p**3 + 5*p**2 + 4*p - 2. Let a be z(3). Suppose -u + a + 0 = 0. What is the greatest common divisor of 7 and u?
7
Suppose -14 + 46 = -4*g - 5*a, -g - 4*a - 19 = 0. Let h be (3 - (-3 - -21))*g. What is the highest common factor of h and 5?
5
Let k be (72/30)/(2/65). What is the greatest common factor of 52 and k?
26
Suppose 0 = 2*o + 3*b - 31, -8*o + 65 = -4*o + 5*b. Calculate the greatest common divisor of 30 and o.
10
Let f be 174/(-9)*-3 - 4. What is the greatest common divisor of f and 6?
6
Let m(y) = -y - 3. Let k be m(-5). Suppose -k - 64 = -3*a. Calculate the greatest common factor of a and 55.
11
Let v be 18*(-6)/((-2)/1). Suppose 0 = -4*z - 2*l + 154, -4*z + 4*l + 117 = -7. Calculate the highest common factor of v and z.
18
Suppose w + 7*w = 464. What is the greatest common divisor of w and 87?
29
Let l = -82 - -158. Suppose 0*v - 20 = -t - 3*v, -l = -3*t - 5*v. What is the highest common factor of t and 16?
16
Let x(l) = 3*l**2 - 3*l - 2. Let y be x(3). Calculate the greatest common factor of 112 and y.
16
Suppose -3*s - s = -3*w + 490, 2*w = 3*s + 327. What is the highest common factor of w and 18?
18
Let u be 6 + -3*1 + 1. Let c be 65/3 - u/(-12). Let y = c + -11. Calculate the greatest common divisor of 33 and y.
11
Let y be (-115)/(-3 - 2) - -4. Calculate the greatest common factor of 9 and y.
9
Suppose 10*i - 749 - 51 = 0. What is the greatest common divisor of i and 10?
10
Suppose -n + 67 - 15 = 0. Let y(v) = 9*v + 2. Let m(r) = 10*r + 1. Let f(q) = 5*m(q) - 6*y(q). Let x be f(-5). Calculate the greatest common divisor of n and x.
13
Suppose 0 = 4*k + 5 - 29. What is the greatest common divisor of 6 and k?
6
Suppose 2 = 3*y - 13. Calculate the highest common divisor of 45 and y.
5
Suppose -2*k - 3*j + 173 = 0, 2*k - 61 = 4*j + 119. What is the highest common divisor of k and 8?
8
Suppose f = 5*f - 44. Let p(i) = -i**2 + 6*i - 5. Let x be p(4). Suppose x*t + 69 = r + 303, r + 157 = 2*t. Calculate the greatest common factor of f and t.
11
Let d(j) = 5*j - 2. Suppose -4 + 22 = -3*h. Let q(o) = 4*o - 1. Let a(w) = h*q(w) + 5*d(w). Let p be a(6). What is the greatest common factor of p and 8?
2
Let g be 1 + (2 - (-1 + 0)). Suppose -g*l + 2*k + 2*k + 72 = 0, -2*l + 40 = -3*k. What is the greatest common factor of 42 and l?
14
Let h be (8/12)/((-3)/(-18)). Suppose -h*l + 54 = 6. What is the highest common divisor of 4 and l?
4
Suppose -s - 13 = 3*z, -2*s = 2 - 0. Let i be (-6*2)/(2/z). Suppose -t = 2*q - 28, 3*t + 3*q - i = 45. What is the highest common factor of t and 2?
2
Suppose 2*r + 3*r - 40 = 0. Calculate the highest common factor of 8 and r.
8
Let r(j) = -j + 13. Let p be r(9). Let f be (-5)/p - (-2)/8. Let l be (-5 + f)*(-15)/6. What is the highest common factor of l and 135?
15
Let q(v) = -4*v + 66. Let y(a) = 3*a - 44. Let s(k) = 5*q(k) + 7*y(k). Let j be s(-10). What is the highest common factor of j and 84?
12
Suppose 2*u + 384 = 5*u. Suppose 5*c + 3*t = c + 61, 2*t = 3*c - 50. Calculate the highest common factor of c and u.
16
Let c = -60 - -123. Suppose 5*w - 29 = -3*v + c, -3 = 3*v. What is the greatest common divisor of w and 95?
19
Let g be (-6)/(-1) - (3 + -1). Suppose -2*s - s + 5*i + 193 = 0, 0 = -g*i + 4. Calculate the highest common divisor of 22 and s.
22
Suppose 0*n + 2*q + 224 = 4*n, -3*n = 4*q - 168. What is the highest common divisor of n and 32?
8
Let t = 11 + 3. Calculate the greatest common factor of 7 and t.
7
Let p be 12*((-2)/4 - -1). Suppose k = 6 - 4. Let g be 2 - (-34 + k)*2. Calculate the highest common factor of p and g.
6
Let r = 5 - 3. Suppose -4*s + 332 = 4*w, 2*w + 259 = r*s + s. What is the greatest common factor of s and 17?
17
Suppose -3*d + 76 = -2*w, -d + 5*w + 34 = -13. What is the highest common divisor of d and 44?
22
Let s(u) = u**2 + 2*u - 2. Let x be s(2). Suppose 24 = x*a - 2*a. Suppose 5*m - 4*k = -0*m + 270, 2*m - 108 = k. Calculate the highest common factor of a and m.
6
Suppose 5*y = 2*s - 42, -2*y - 3*s = -7*y - 43. Let m be 261/12 + (-2)/y. What is the highest common factor of 44 and m?
22
Let z = 5 + -9. Let y(k) = k + 5. Let a be y(z). Calculate the highest common divisor of a and 3.
1
Let a be (-2)/4*-3*2. Let v(m) = -1. Let i(t) = t. Let d(w) = a*v(w) + 2*i(w). Let f be d(6). What is the greatest common factor of f and 6?
3
Suppose 90*k - 40 = 88*k. What is the greatest common factor of 180 and k?
20
Let d(u) = -39*u + 3. Let c be d(-2). Calculate the highest common divisor of 9 and c.
9
Let b = -9 - -13. Suppose 0 = -4*p - 5*r + 19, r = -b*p + 4*r + 59. What is the greatest common factor of p and 121?
11
Let z = 45 - 20. Suppose 5 = 5*j - 2*q - 75, z = 5*q. Calculate the greatest common divisor of 12 and j.
6
Let x be (-1)/(219/(-54) + 4). Calculate the highest common factor of x and 54.
18
Let q(w) = 60*w**2 + w. Let p be q(-1). Suppose -p - 661 = -5*o. Let s = 20 - 4. What is the greatest common factor of s and o?
16
Suppose -5*m + 15 = -r, 3 - 12 = -3*m + r. Suppose 128 = 4*v - 4*k, 6 = m*k + 3. Suppose 0 = 2*j + 20 - 64. Calculate the highest common factor of v and j.
11
Let f be 125/2 + 4/8. Calculate the greatest common divisor of f and 9.
9
Suppose 0 = k - w - 7, 0*w = k + w + 1. Let i = 36 + -12. Calculate the greatest common divisor of i and k.
3
Suppose 4*u - 4*m = -m + 11, -2*u - 3*m = -1. Let y(c) = -c**3 + 3*c**2 - 1. Let w be y(u). What is the greatest common divisor of 2 and w?
1
Let f be (3/15 - 0) + 29/5. What is the highest common factor of f and 12?
6
Let d be (-1)/2*-10 + 2. Let q(h) = 20*h**2 + 2. Let j be q(-2). Let b = j + -47. Calculate the highest common factor of d and b.
7
Let g(f) = -f**3 - 6*f**2 - f - 6. Let u be g(-6). Suppose u = -z - 3*z + 120. What is the greatest common factor of 6 and z?
6
Let y = 38 - 32. Calculate the highest common divisor of y and 36.
6
Suppose 2*h = 48 + 52. Let v(k) = -k + 5. Let m be v(6). Let s be ((-4)/m)/(1/5). Calculate the greatest common divisor of s and h.
10
Suppose